
3, 5
Let m be 0/(3 - (0 + 1)). Suppose -2*r + m = -2. List the prime factors of r*3*28/4.
3, 7
Let h be -2*(4/4)/(-2). Let t = h - 2. Let q(b) = 33*b**2. List the prime factors of q(t).
3, 11
Let h(o) = 23*o**2 + 11*o + 14. List the prime factors of h(-3).
2, 47
Suppose -k + 15 = 4*k. Suppose -t + 4*u = -148, -k*t + u = -t - 275. What are the prime factors of t?
2, 17
Suppose 2 = 4*u - 2*u. Let o(t) = -t**2 - t + 2. Let m be o(0). Let y = u + m. What are the prime factors of y?
3
Let g(j) = 2*j + 355. List the prime factors of g(49).
3, 151
Suppose 22*v = 92*v - 79100. List the prime factors of v.
2, 5, 113
Suppose 3*x - 402 = 2*x. Let b = x - 190. What are the prime factors of b?
2, 53
What are the prime factors of (2 + -4)*37031/(-38)?
1949
Let r(y) = -3*y**3 + 72*y**2 + 2*y + 43. List the prime factors of r(22).
3, 997
Let c = -31 - -181. Suppose -3*k = 3*z - c, -2*k = 3*k. What are the prime factors of z?
2, 5
Suppose -26*u = 3*a - 22*u - 15021, -5005 = -a - 2*u. List the prime factors of a.
5011
Suppose -5*c = 0, 9360 = 5*b - c + 5*c. List the prime factors of b.
2, 3, 13
Let t = -1 + 6. What are the prime factors of t/2*60/25?
2, 3
Suppose -5*r = -0*r. Suppose r = -9*f + 659 + 547. List the prime factors of f.
2, 67
Let z(v) = -v**3 + 23*v**2 + 52*v + 29. What are the prime factors of z(19)?
23, 107
Let m(u) = u**2 - 3*u + 1. Let s be m(4). Suppose g - 12 = -g - 5*z, 0 = -s*z. Let r(p) = p. List the prime factors of r(g).
2, 3
Suppose -4*h + 7840 = -236. What are the prime factors of h?
3, 673
Let g(x) be the third derivative of 0 + 11*x**2 - 3/8*x**4 + 0*x - 1/6*x**3. List the prime factors of g(-3).
2, 13
Let c be 54/10 - 10/25. Let s be 3/(-2 - -5)*c. Suppose s*p = 4*r - 93, 5*r + 4*p - 70 = p. What are the prime factors of r?
17
Suppose -27 = -t + 3. Suppose t = 2*g - 0*g - m, 3*g = -5*m + 19. List the prime factors of (g/(-26))/(2/(-124)).
31
Let r(c) = c**3 + 7*c**2 - 118*c + 7. List the prime factors of r(12).
1327
Let a(u) = -5 + 0*u + 3*u + 3*u + 3. Let t be a(2). List the prime factors of t*((-33)/(-6) - 3).
5
Let m be (-3)/(-1) + -5 + -2. What are the prime factors of 540/39 - m/26?
2, 7
Let a(u) = u**2 - 12*u + 9. Let x be a(7). Let y = 35 - x. List the prime factors of y.
61
Suppose -25 = -5*r + 3*k, 2*r + 4*k = -r - 14. Suppose -3*y - 19 = -5*v, -5*v = y + r*y - 1. What are the prime factors of 3344/64 - v/8?
2, 13
Let u(b) = b**3 - 4*b**2 + 6*b - 8. Let m = 6 + -2. What are the prime factors of u(m)?
2
Let w(g) be the second derivative of g**3/6 + 13*g**2 - 29*g. Suppose o = -2*o. What are the prime factors of w(o)?
2, 13
Suppose -3*i + 2*n - 15 = 156, -12 = 4*n. Let u = i - -114. What are the prime factors of u?
5, 11
Let p(l) = 6*l - 29. Let h(q) be the third derivative of q**5/60 - q**4/6 - 7*q**3/6 + 8*q**2. Let r be h(7). List the prime factors of p(r).
5, 11
Suppose 58 = 2*o - 0*o - 5*q, 4*o - 90 = -3*q. Suppose -4*j - 3 = -l, 0*j + 27 = -2*l - 3*j. List the prime factors of (o/l)/(5/(-60)).
2
Let o(t) = t**2 - t + 6. Let m = 0 + -3. What are the prime factors of o(m)?
2, 3
Suppose 4*m = 3*q - 36, 0 = -2*q + 3*q + 2*m - 2. Suppose -5*z + 756 = -q*z. What are the prime factors of (-3)/1 + z/(-6)?
3, 13
Suppose -2*k = -4*k + 14. Suppose -62 = -5*q + k*q. Let y = q + 58. What are the prime factors of y?
3
Let q be -9 - -5 - (2 + 7). Let n be 2/(-10) + q/(-65). Suppose 4*z - 2*m - 180 = -5*m, n = 2*z + 5*m - 90. List the prime factors of z.
3, 5
Suppose 2508 = 8*o + 852. List the prime factors of o.
3, 23
Let q(c) = -5*c + 6*c - c**3 - 3*c - 1 + 4*c + 6*c**2. List the prime factors of q(3).
2
Suppose 0 = -b - 0*b + 5. Suppose b*h = p + 37 + 48, -3*h - 2*p = -51. Suppose -49 = -2*m + 5*a, 5*m - 3*a + h = 130. List the prime factors of m.
2, 11
Suppose 5*u = 3*r + 13, 3*r = -u - 1 - 0. Suppose u*l + 16 = 6*l. Suppose -l*o - 3*m = -33, 3 + 12 = -3*m. List the prime factors of o.
2, 3
Suppose 5*d - 300 = -5*p, 5*d + 188 = -p + 4*p. Suppose -4*o + p = -131. What are the prime factors of o?
2, 3
Let f = 541 + -325. What are the prime factors of 8/((2 + f/(-116))/2)?
2, 29
Let p(f) be the first derivative of 6*f**2 - 8*f - 11. What are the prime factors of p(5)?
2, 13
Let i(r) = -r - 5. Let o be i(-7). Suppose o*h = -h - 6. What are the prime factors of h + (0 - -6) - -24?
2, 7
What are the prime factors of 62 + 20/16*4?
67
Suppose -q = 2*q - 381. Let n = q - 51. What are the prime factors of n?
2, 19
Suppose 37*b = 33*b + 1428. List the prime factors of b.
3, 7, 17
Let z(n) = n**3 + 11*n**2 - 13*n + 3. Let v be z(-12). Let f = 5 - v. List the prime factors of (-8)/(-3) - f/(-15).
2
Suppose -1200 = -3*i - i. What are the prime factors of i?
2, 3, 5
Let h(p) = 30*p + 60. Let z(x) = 10*x + 20. Let y(g) = -5*h(g) + 16*z(g). What are the prime factors of y(16)?
2, 3, 5
Let j be (19 - 13)*(-1)/(-3). List the prime factors of j*(-2)/(-4)*34.
2, 17
Suppose 0 = -4*u + 4*h, u - 5*h + 5 = -3. What are the prime factors of u/3 + (-274)/(-3)?
2, 23
Suppose -3*j - 19 = 11. Let o = j - -15. Suppose 0*n + n = o*m - 5, 41 = 3*n - m. List the prime factors of n.
3, 5
List the prime factors of 922*(165/22 - 6).
3, 461
Let x be (-6)/(-14) + 75/21. Suppose -n + 2 = -2, j + x*n - 88 = 0. What are the prime factors of j?
2, 3
Suppose -l - 14 + 150 = 5*i, 0 = -4*i + 5*l + 103. Let x = i - 9. Let s = x + 0. List the prime factors of s.
2, 3
Let x = 45 + -42. What are the prime factors of (-2 - (-15)/3)*(x - -68)?
3, 71
Let l(r) = -6*r**2 + 4*r + 3. Let i be l(3). Let t = i - -85. List the prime factors of t.
2, 23
List the prime factors of ((-18392)/(-132))/(2/15).
5, 11, 19
Let a be (-730)/(-4)*9/(-180)*-16. Let w = a + -46. List the prime factors of w.
2, 5
Let z = -12 - -14. Let g be z/(-4 - (-4 - 1)). Suppose 8*q = g*q + 204. List the prime factors of q.
2, 17
Suppose -w + 14 = 2*n, n = -0*n - w + 8. Suppose -2*r + n = r. Suppose k = r*k - 59. List the prime factors of k.
59
Let r(q) = q**2 + 2*q + 2. Suppose 1 + 7 = -4*b. Let w be r(b). Suppose -w*k - 2*k + 156 = 0. List the prime factors of k.
3, 13
Let y(p) = 5*p + 4. Let l(d) = -4*d - 4. Let v(n) = -4*l(n) - 3*y(n). Let a be v(-2). What are the prime factors of 14/2 - (a - 0)?
5
List the prime factors of (4/3)/(36/2349).
3, 29
Let q = -1427 + 2217. What are the prime factors of q?
2, 5, 79
Suppose 0 = -50*v + 45*v + 345. What are the prime factors of v?
3, 23
Suppose t = 2*x - 576, 298 = -4*x - 5*t + 1478. List the prime factors of x.
2, 5, 29
Let z(g) = -3*g + 217. List the prime factors of z(-43).
2, 173
Suppose -19 = -5*b - 4*a, -3*b - 4*a + 8 = -5. Let r be 3 - (-2 + b - -56). What are the prime factors of r*(-1 - 8/(-12))?
2, 3
Suppose -3*s - 5 = -5*x, x = s - 2*x + 7. Suppose 26 = -s*m + 201. List the prime factors of m.
5, 7
Let k be (0/(-5))/((-2)/2). Let x be 0/(1 - (k - -3)). Suppose -5*h = -t - 145, 2*h + t + 3*t - 36 = x. What are the prime factors of h?
2, 7
Let a be 1/((-4)/(-12)) + 1. Suppose k + a*k = 15. List the prime factors of ((-10)/k)/(9/(-108)).
2, 5
Let c be (-7)/21 - 1/(-3). Suppose 2*j - 46 = 82. Suppose c = -4*l + 2*l + j. List the prime factors of l.
2
Suppose -292 - 713 = -n. What are the prime factors of n?
3, 5, 67
Suppose -m = 80*i - 82*i + 109, 4*i - 4*m = 220. What are the prime factors of i?
2, 3
Suppose -12930 = 12*p - 22*p. What are the prime factors of p?
3, 431
Suppose -14*c + 2468 = 4. List the prime factors of c.
2, 11
Let c be 4 - (-4 + 4)/1. Suppose 4*q - 3*q - c = 0. Suppose -6*b + 86 = -q*b. List the prime factors of b.
43
Let b be 14/(-56) + 34/8. Suppose b = 3*d - 161. Let c = 92 - d. What are the prime factors of c?
37
Let d = 16 + 1. Let f(h) = -h**2 + 5*h - 6. Let i be f(3). What are the prime factors of 0 + d + i - -3?
2, 5
Suppose -7*t = -3*t - 12. Let l(x) = -9*x**2 + t*x**2 + 5*x - x**3 - x + 5 + 0*x**3. List the prime factors of l(-7).
2, 13
Suppose -3*g + 7*g = 4. Suppose 0 + 3 = 3*i, 2*o + i = 7. List the prime factors of 2*g - (-3 + o).
2
What are the prime factors of 4957 + 5/(-1)*(-42)/35?
7, 709
Let v be (-1)/(4/5 - 1). Suppose 2*w = -v*k + 58, -5*w = -2*k + 5*k - 145. Suppose -5*c = -4*c - 3*s - w, -4*c + 61 = -s. List the prime factors of c.
2, 7
Suppose 4*n - n + 5*d = 27, 3*n - d - 9 = 0. Suppose -n*y + 187 - 31 = 0. List t